876011 a composite number?
False
Is 842041 composite?
False
Is 11475131 prime?
True
Is 2072953 composite?
False
Is 5031659 composite?
False
Is 4004339 a prime number?
True
Is 279182567 prime?
True
Is 528347 a composite number?
True
Is 3393997 composite?
False
Is 23582663 a prime number?
False
Is 110543471 a composite number?
False
Is 5653931 a composite number?
False
Is 548861 prime?
True
Is 7139969 composite?
True
Is 108022547 a prime number?
True
Is 115554381 composite?
True
Is 14567269 a composite number?
False
Is 2251547 prime?
True
Is 20725259 prime?
False
Is 617797967 a composite number?
True
Is 7226981 a composite number?
False
Is 533369857 prime?
True
Is 7832423 prime?
False
Is 71188291 a prime number?
True
Is 92105809 a prime number?
True
Is 69069977 prime?
False
Is 2004983 composite?
False
Is 973543993 a prime number?
True
Is 4268587 a prime number?
False
Is 157166281 a prime number?
True
Is 2261783 a prime number?
False
Is 132306409 composite?
False
Is 610411 a prime number?
False
Is 598137637 prime?
True
Is 2543383 a prime number?
False
Is 6419365 composite?
True
Is 6077371 a composite number?
False
Is 955508927 prime?
True
Is 656327 composite?
True
Is 102975541 a composite number?
True
Is 945949 prime?
True
Is 170988403 a prime number?
True
Is 11092231 a prime number?
True
Is 509939 prime?
True
Is 6239633 prime?
False
Is 980377 a prime number?
True
Is 466353535 composite?
True
Is 30147979 a prime number?
False
Is 572137 prime?
True
Is 6935849 composite?
False
Is 2727399 a prime number?
False
Is 98043839 a composite number?
False
Is 15686131 prime?
True
Is 422789 a composite number?
False
Is 31615007 prime?
True
Is 1109063 a prime number?
False
Is 1627441 prime?
True
Is 305473835 prime?
False
Is 3506351 prime?
True
Is 2307499 a prime number?
True
Is 615385 composite?
True
Is 62468221 prime?
True
Is 14722319 composite?
True
Is 170605907 a composite number?
False
Is 20852917 prime?
False
Is 12921799 prime?
False
Is 6953893 prime?
True
Is 3085781 composite?
True
Is 698244497 a composite number?
True
Is 3267227 composite?
True
Is 59192993 a prime number?
True
Is 30408971 a composite number?
True
Is 323717 prime?
True
Is 12098855 prime?
False
Is 43071299 composite?
False
Is 120707291 prime?
False
Is 11678857 a composite number?
False
Is 82391003 prime?
True
Is 30093443 composite?
False
Is 1226993 composite?
False
Is 9114221 a composite number?
False
Is 225162853 a prime number?
False
Is 135630743 composite?
True
Is 12896627 composite?
True
Is 1377811 prime?
True
Is 109931233 a composite number?
False
Is 52690433 composite?
False
Is 15483623 composite?
True
Is 2273689 a composite number?
True
Is 144407 a composite number?
False
Is 123330541 prime?
True
Is 164881 a composite number?
False
Is 23098031 prime?
False
Is 811543 a prime number?
False
Is 23058415 composite?
True
Is 47150323 a prime number?
False
Is 94038085 prime?
False
Is 10652339 a prime number?
True
Is 1193119 composite?
False
Is 4068487 a composite number?
False
Is 14679559 composite?
False
Is 329046791 prime?
True
Is 13098773 prime?
True
Is 63164281 composite?
True
Is 4185518 a prime number?
False
Is 6269213 a prime number?
True
Is 16745879 composite?
False
Is 11961373 a prime number?
True
Is 53783441 a composite number?
False
Is 5202049 composite?
True
Is 606687289 composite?
True
Is 480121 a prime number?
False
Is 49249051 a composite number?
True
Is 196298441 a composite number?
True
Is 13173509 prime?
False
Is 8545697 prime?
True
Is 624849755 a prime number?
False
Is 9901249 a prime number?
False
Is 9646001 composite?
True
Is 26509486 a prime number?
False
Is 3507107 composite?
True
Is 6995299 composite?
True
Is 3735329 composite?
True
Is 1259899 prime?
True
Is 45628207 composite?
True
Is 193586773 a prime number?
False
Is 3834641 a prime number?
False
Is 305731 prime?
False
Is 254203463 prime?
True
Is 359377 a composite number?
False
Is 116187373 composite?
True
Is 458772479 prime?
False
Is 107986 prime?
False
Is 35793503 prime?
True
Is 26198099 a composite number?
True
Is 3362207 prime?
True
Is 157457 a prime number?
True
Is 9122279 a composite number?
False
Is 5461739 a composite number?
False
Is 29833 a composite number?
False
Is 176564099 a composite number?
False
Is 6003497 prime?
True
Is 66395039 composite?
True
Is 20922523 a prime number?
True
Is 231191 prime?
False
Is 4879829 composite?
False
Is 177891679 a composite number?
True
Is 12302623 prime?
True
Is 24643483 prime?
False
Is 114592993 prime?
True
Is 314987381 composite?
False
Is 13008101 prime?
True
Is 57466399 prime?
True
Is 47166703 prime?
False
Is 11494481 a composite number?
True
Is 259524757 a prime number?
False
Is 15556355 a composite number?
True
Is 326584271 a prime number?
False
Is 14934727 prime?
True
Is 7981067 prime?
True
Is 66178669 a composite number?
False
Is 103010009 a composite number?
True
Is 1756309 prime?
True
Is 708263051 prime?
True
Is 85286051 a prime number?
True
Is 2377967 prime?
True
Is 577063 composite?
False
Is 20340617 composite?
True
Is 51443213 composite?
False
Is 10298129 prime?
True
Is 8238383 a composite number?
True
Is 30922403 composite?
False
Is 7228547 a prime number?
True
Is 116824793 a prime number?
False
Is 2317387 prime?
True
Is 101717047 a prime number?
False
Is 2080711 a prime number?
True
Is 90068111 composite?
True
Is 8759819 a prime number?
True
Is 65885843 prime?
True
Is 1710061 a prime number?
True
Is 578573453 a composite number?
True
Is 2782019 a prime number?
True
Is 149519 composite?
False
Is 6744571 composite?
False
Is 1014865 a prime number?
False
Is 32992723 a prime number?
False
Is 3063371 a prime number?
True
Is 3773447 a composite number?
False
Is 181699327 a composite number?
False
Is 11349809 composite?
True
Is 534367 prime?
True
Is 1026967 a composite number?
True
Is 8570327 prime?
False
Is 4609663 a prime number?
True
Is 25402253 prime?
True
Is 408942805 a composite number?
True
Is 311669 prime?
False
Is 41361293 a composite number?
True
Is 3146279 prime?
True
Is 545231 a composite number?
False
Is 51396041 a composite number?
False
Is 67921169 prime?
True
Is 34911241 composite?
False
Is 773939 prime?
True
Is 218584109 composite?
False
Is 2919031 a composite number?
False
Is 2721299 composite?
True
Is 5341291 a prime number?
True
Is 31803269 a prime number?
True
Is 13965307 a composite number?
True
Is 22067447 a prime number?
True
Is 2178551 prime?
False
Is 8323411 prime?
False
Is 126092059 prime?
False
Is 34518919 a composite number?
True
Is 4022741 a prime number?
True
Is 11428253 a composite number?
True
Is 7121843 prime?
False
Is 7781857 composite?
False
Is 18213887 a prime number?
True
Is 21488347 composite?
True
Is 49588327 a prime number?
False
Is 61015121 a prime number?
True
Is 2142521 a prime number?
True
Is 67366361 a prime number?
False
Is 1629489227 a composite number?
False
Is 46366471 a prime number?
False
Is 1436849 prime?
True
Is 157551221 a prime number?
False
Is 6795323 composite?
True
Is 100069811 composite?
False
Is 12393829 a prime number?
False
Is 697259 a composite number?
False
Is 4524757 composite?
True
Is 99729949 a prime number?
False
Is 3198077 a prime number?
False
Is 33530879 a prime number?
False
Is 17969983 a composite number?
True
Is 11851291 composite?
False
Is 108075997 composite?
False
Is 935279 prime?
False
Is 4767365 a composite number?
True
Is 1043167 prime?
True
Is 17123633 composite?
True
Is 1699944809 a composite number?
False
Is 530625223 composite?
False
Is 662771 a prime number?
True
Is 340120477 composite?
True
Is 3951329 a composite number?
True
Is 10343213 a prime number?
True
Is 149215393 prime?
False
Is 3979565 a composite number?
True
Is 74566199 prime?
False
Is 2577517 a composite number?
True
Is 5638973 prime?
False
Is 119184937 composite?
False
Is 728087 a prime number?
True
Is 4441567 composite?
True
Is 26739953 a composite number?
True
Is 26335073 a composite number?
False
Is 6979999 a composite number?
True
Is 313212323 a prime number?
True
Is 10138889 prime?
True
Is 13768717 composite?
False
Is 2769887 a prime number?
True
Is 6702761 a prime number?
False
Is 2356973 a composite number?
False
Is 27695789 a composite number?
True
Is 12462115 composite?
True
Is 13745162 a prime num